{"id":135,"date":"2022-05-18T05:20:04","date_gmt":"2022-05-18T05:20:04","guid":{"rendered":"http:\/\/noktasiteyonetimi.com\/?page_id=135"},"modified":"2022-05-18T05:20:11","modified_gmt":"2022-05-18T05:20:11","slug":"iletisim","status":"publish","type":"page","link":"http:\/\/noktasiteyonetimi.com\/index.php\/iletisim\/","title":{"rendered":"\u0130leti\u015fim"},"content":{"rendered":"<p>ADRES:<\/p>\n<p>K\u0131z\u0131lay Mah. Ihlamur Cad. Arif Bey Apt. No:8\/20 \u00c7ankaya\/ANKARA<\/p>\n<hr \/>\n<p>\u0130LET\u0130\u015e\u0130M<\/p>\n<p><span style=\"color: #ff0000;\">TEL<\/span>: 0 312 424 19 99<\/p>\n<p><span style=\"color: #ff0000;\">CEP 1<\/span> : 0542 591 10 39<\/p>\n<p><span style=\"color: #ff0000;\">CEP 2<\/span>: 0553 414 14 77<\/p>\n<p><span style=\"color: #ff0000;\">CEP 3<\/span>: 0552 424 14 24<\/p>\n","protected":false},"excerpt":{"rendered":"<p>ADRES: K\u0131z\u0131lay Mah. Ihlamur Cad. Arif Bey Apt. No:8\/20 \u00c7ankaya\/ANKARA \u0130LET\u0130\u015e\u0130M TEL: 0 312 424 19 99 CEP 1 : 0542 591 10 39 CEP 2: 0553 414 14 77 [&hellip;]<\/p>\n","protected":false},"author":1,"featured_media":0,"parent":0,"menu_order":0,"comment_status":"closed","ping_status":"closed","template":"","meta":{"footnotes":""},"class_list":["post-135","page","type-page","status-publish","hentry"],"yoast_head":"<!-- This site is optimized with the Yoast SEO plugin v18.9 - https:\/\/yoast.com\/wordpress\/plugins\/seo\/ -->\r\n<title>\u0130leti\u015fim - NOKTA S\u0130TE Y\u00d6NET\u0130M\u0130<\/title>\r\n<meta name=\"robots\" content=\"index, follow, max-snippet:-1, max-image-preview:large, max-video-preview:-1\" \/>\r\n<link rel=\"canonical\" href=\"http:\/\/noktasiteyonetimi.com\/index.php\/iletisim\/\" \/>\r\n<meta property=\"og:locale\" content=\"tr_TR\" \/>\r\n<meta property=\"og:type\" content=\"article\" \/>\r\n<meta property=\"og:title\" content=\"\u0130leti\u015fim - NOKTA S\u0130TE Y\u00d6NET\u0130M\u0130\" \/>\r\n<meta property=\"og:description\" content=\"ADRES: K\u0131z\u0131lay Mah. Ihlamur Cad. Arif Bey Apt. No:8\/20 \u00c7ankaya\/ANKARA \u0130LET\u0130\u015e\u0130M TEL: 0 312 424 19 99 CEP 1 : 0542 591 10 39 CEP 2: 0553 414 14 77 [&hellip;]\" \/>\r\n<meta property=\"og:url\" content=\"http:\/\/noktasiteyonetimi.com\/index.php\/iletisim\/\" \/>\r\n<meta property=\"og:site_name\" content=\"NOKTA S\u0130TE Y\u00d6NET\u0130M\u0130\" \/>\r\n<meta property=\"article:modified_time\" content=\"2022-05-18T05:20:11+00:00\" \/>\r\n<meta name=\"twitter:card\" content=\"summary_large_image\" \/>\r\n<script type=\"application\/ld+json\" class=\"yoast-schema-graph\">{\"@context\":\"https:\/\/schema.org\",\"@graph\":[{\"@type\":\"WebSite\",\"@id\":\"http:\/\/noktasiteyonetimi.com\/#website\",\"url\":\"http:\/\/noktasiteyonetimi.com\/\",\"name\":\"NOKTA S\u0130TE Y\u00d6NET\u0130M\u0130\",\"description\":\"Biz y\u00f6netelim, siz rahat ya\u015fay\u0131n.\",\"potentialAction\":[{\"@type\":\"SearchAction\",\"target\":{\"@type\":\"EntryPoint\",\"urlTemplate\":\"http:\/\/noktasiteyonetimi.com\/?s={search_term_string}\"},\"query-input\":\"required name=search_term_string\"}],\"inLanguage\":\"tr\"},{\"@type\":\"WebPage\",\"@id\":\"http:\/\/noktasiteyonetimi.com\/index.php\/iletisim\/#webpage\",\"url\":\"http:\/\/noktasiteyonetimi.com\/index.php\/iletisim\/\",\"name\":\"\u0130leti\u015fim - NOKTA S\u0130TE Y\u00d6NET\u0130M\u0130\",\"isPartOf\":{\"@id\":\"http:\/\/noktasiteyonetimi.com\/#website\"},\"datePublished\":\"2022-05-18T05:20:04+00:00\",\"dateModified\":\"2022-05-18T05:20:11+00:00\",\"breadcrumb\":{\"@id\":\"http:\/\/noktasiteyonetimi.com\/index.php\/iletisim\/#breadcrumb\"},\"inLanguage\":\"tr\",\"potentialAction\":[{\"@type\":\"ReadAction\",\"target\":[\"http:\/\/noktasiteyonetimi.com\/index.php\/iletisim\/\"]}]},{\"@type\":\"BreadcrumbList\",\"@id\":\"http:\/\/noktasiteyonetimi.com\/index.php\/iletisim\/#breadcrumb\",\"itemListElement\":[{\"@type\":\"ListItem\",\"position\":1,\"name\":\"Anasayfa\",\"item\":\"http:\/\/noktasiteyonetimi.com\/\"},{\"@type\":\"ListItem\",\"position\":2,\"name\":\"\u0130leti\u015fim\"}]}]}<\/script>\r\n<!-- \/ Yoast SEO plugin. -->","yoast_head_json":{"title":"\u0130leti\u015fim - NOKTA S\u0130TE Y\u00d6NET\u0130M\u0130","robots":{"index":"index","follow":"follow","max-snippet":"max-snippet:-1","max-image-preview":"max-image-preview:large","max-video-preview":"max-video-preview:-1"},"canonical":"http:\/\/noktasiteyonetimi.com\/index.php\/iletisim\/","og_locale":"tr_TR","og_type":"article","og_title":"\u0130leti\u015fim - NOKTA S\u0130TE Y\u00d6NET\u0130M\u0130","og_description":"ADRES: K\u0131z\u0131lay Mah. Ihlamur Cad. Arif Bey Apt. No:8\/20 \u00c7ankaya\/ANKARA \u0130LET\u0130\u015e\u0130M TEL: 0 312 424 19 99 CEP 1 : 0542 591 10 39 CEP 2: 0553 414 14 77 [&hellip;]","og_url":"http:\/\/noktasiteyonetimi.com\/index.php\/iletisim\/","og_site_name":"NOKTA S\u0130TE Y\u00d6NET\u0130M\u0130","article_modified_time":"2022-05-18T05:20:11+00:00","twitter_card":"summary_large_image","schema":{"@context":"https:\/\/schema.org","@graph":[{"@type":"WebSite","@id":"http:\/\/noktasiteyonetimi.com\/#website","url":"http:\/\/noktasiteyonetimi.com\/","name":"NOKTA S\u0130TE Y\u00d6NET\u0130M\u0130","description":"Biz y\u00f6netelim, siz rahat ya\u015fay\u0131n.","potentialAction":[{"@type":"SearchAction","target":{"@type":"EntryPoint","urlTemplate":"http:\/\/noktasiteyonetimi.com\/?s={search_term_string}"},"query-input":"required name=search_term_string"}],"inLanguage":"tr"},{"@type":"WebPage","@id":"http:\/\/noktasiteyonetimi.com\/index.php\/iletisim\/#webpage","url":"http:\/\/noktasiteyonetimi.com\/index.php\/iletisim\/","name":"\u0130leti\u015fim - NOKTA S\u0130TE Y\u00d6NET\u0130M\u0130","isPartOf":{"@id":"http:\/\/noktasiteyonetimi.com\/#website"},"datePublished":"2022-05-18T05:20:04+00:00","dateModified":"2022-05-18T05:20:11+00:00","breadcrumb":{"@id":"http:\/\/noktasiteyonetimi.com\/index.php\/iletisim\/#breadcrumb"},"inLanguage":"tr","potentialAction":[{"@type":"ReadAction","target":["http:\/\/noktasiteyonetimi.com\/index.php\/iletisim\/"]}]},{"@type":"BreadcrumbList","@id":"http:\/\/noktasiteyonetimi.com\/index.php\/iletisim\/#breadcrumb","itemListElement":[{"@type":"ListItem","position":1,"name":"Anasayfa","item":"http:\/\/noktasiteyonetimi.com\/"},{"@type":"ListItem","position":2,"name":"\u0130leti\u015fim"}]}]}},"_links":{"self":[{"href":"http:\/\/noktasiteyonetimi.com\/index.php\/wp-json\/wp\/v2\/pages\/135","targetHints":{"allow":["GET"]}}],"collection":[{"href":"http:\/\/noktasiteyonetimi.com\/index.php\/wp-json\/wp\/v2\/pages"}],"about":[{"href":"http:\/\/noktasiteyonetimi.com\/index.php\/wp-json\/wp\/v2\/types\/page"}],"author":[{"embeddable":true,"href":"http:\/\/noktasiteyonetimi.com\/index.php\/wp-json\/wp\/v2\/users\/1"}],"replies":[{"embeddable":true,"href":"http:\/\/noktasiteyonetimi.com\/index.php\/wp-json\/wp\/v2\/comments?post=135"}],"version-history":[{"count":1,"href":"http:\/\/noktasiteyonetimi.com\/index.php\/wp-json\/wp\/v2\/pages\/135\/revisions"}],"predecessor-version":[{"id":137,"href":"http:\/\/noktasiteyonetimi.com\/index.php\/wp-json\/wp\/v2\/pages\/135\/revisions\/137"}],"wp:attachment":[{"href":"http:\/\/noktasiteyonetimi.com\/index.php\/wp-json\/wp\/v2\/media?parent=135"}],"curies":[{"name":"wp","href":"https:\/\/api.w.org\/{rel}","templated":true}]}}